*b + a*f - 4 = 0, -4*b + 8*b = 2*f + 4. List the prime factors of b.
3
Suppose 0*h - 7*h + 2072 = 0. What are the prime factors of h?
2, 37
Let t(j) = 25*j - 3. What are the prime factors of t(6)?
3, 7
Let r = 18 - 31. Let f = 8 + r. List the prime factors of (-1*4)/(4 + f).
2
List the prime factors of 24 + -14 + (2/(-1) - -1).
3
Suppose 4*q - 9 = 7. Let s = 7 - q. Suppose s*b + 4*a = 5*a + 24, 0 = -2*b + a + 16. What are the prime factors of b?
2
List the prime factors of (-3 - -76) + 2 - (0 - -2).
73
Suppose -5*k + 27 = 3*a - 4, a + 2*k - 9 = 0. Suppose 6*f - 2*f - 2*m - 6 = 0, 0 = 3*f - 4*m - a. What are the prime factors of -1*(-5 + (1 - f))?
3
Suppose -4*j = 2*r - 124 - 92, 0 = r - 3*j - 128. What are the prime factors of r?
2, 29
Suppose 7*z - 2055 - 52 = 0. What are the prime factors of z?
7, 43
List the prime factors of (-2)/4*(-577 + -7).
2, 73
Let x be 21/12 + (-3)/4. Let r(c) = 32*c + 1. What are the prime factors of r(x)?
3, 11
Let g = -31 - -57. What are the prime factors of g?
2, 13
What are the prime factors of (-1 - 5)*213/(-6)?
3, 71
Let t(v) = v**3 - 3*v**2 + 2. Let d be t(3). Suppose -d + 18 = 4*o. Let y = o - -5. What are the prime factors of y?
3
Let j(p) = 64*p**2 - 2*p - 2. List the prime factors of j(-1).
2
List the prime factors of 14/((-4 + 1 - 1)/(-6)).
3, 7
Let a = -13 + 20. List the prime factors of a.
7
What are the prime factors of 35/14*146/5?
73
Let s(y) = -3*y - 2*y + 0*y. Let n(h) = h. Let g(v) = 6*n(v) + s(v). List the prime factors of g(3).
3
Let o(l) = l**2 - 4*l. Let d be o(4). Suppose -j - 31 + 7 = d. List the prime factors of 3/(-1) + j/(-4).
3
Suppose -2*z + 21 = l, -2*z - 3*l + 10 = -9. What are the prime factors of z?
11
Suppose 5*q + 3 = 4*l, 4*q - 2*q = -5*l - 21. What are the prime factors of (-5)/(-15) + (-29)/l?
2, 5
Suppose 5*l = -5*y + 180, -3*y = 4*l - 0*l - 107. List the prime factors of y.
37
Let u(o) = -o**2 + 7*o - 3. What are the prime factors of u(6)?
3
Let p(g) = -128*g**3 + g**2 + g + 1. List the prime factors of p(-1).
3, 43
Suppose 2*u - 5*d + 4 = 0, -2*d + 0*d = -5*u + 11. Suppose -u*q - q = -60. List the prime factors of q.
3, 5
Let v(r) = r**2 + 19*r + 17. What are the prime factors of v(-20)?
37
Let l(i) = -8*i - 14. List the prime factors of l(-9).
2, 29
Suppose 5*b + 191 + 4 = 5*c, 3*b + 37 = c. What are the prime factors of c?
2, 5
Let l(m) be the first derivative of 3*m**2/2 + 6*m + 2. Let n be l(7). Suppose -3*q + 4*q + 3*p - n = 0, -p = -5. List the prime factors of q.
2, 3
Suppose -10 = -2*l - 0*l. Suppose -4*q - q + 13 = -j, -q + l = j. Let i = 6 - j. What are the prime factors of i?
2
Suppose 0 = -b + 3*b - 46. List the prime factors of b.
23
Let v(b) = -b**3 + 12*b**2 + 6*b + 6. What are the prime factors of v(12)?
2, 3, 13
Let h be 25*3/3*1. Suppose -4*j - j = -h. List the prime factors of j.
5
Suppose -5*d = -91 - 224. List the prime factors of d.
3, 7
Suppose -10*u + 338 + 2102 = 0. List the prime factors of u.
2, 61
Suppose -26 = -3*v + 13. What are the prime factors of v?
13
Let y(w) = -30*w. Let i be y(-4). Suppose i = f + 2*f. Suppose -4*p + f = p. What are the prime factors of p?
2
Suppose 0 = -5*q - 2*t - 3*t + 85, 4*q - 3*t - 68 = 0. What are the prime factors of q?
17
What are the prime factors of (-1 + -769)/(-5) - (-2)/2?
5, 31
Suppose 3*h - 92 = 5*q, 2*h - 62 = q + 2*q. Suppose -5*x - 4 = -h. What are the prime factors of x?
2, 3
Let d(y) = 2*y - 14. Let x be d(6). Let v = x + 13. What are the prime factors of v?
11
Let c = 47 - 10. Suppose -7 = 5*i - c. Suppose 4*a - 2 = i. List the prime factors of a.
2
Suppose -2*f - 5 = 5*l, 0 - 4 = 4*l - 5*f. Let s = -7 + l. What are the prime factors of (-3)/6*3*s?
2, 3
Suppose -4*h - 3*g - 4 = 0, 0*h + 3*g = h - 14. Suppose 5*t - 15 = 2*w, -5*w = h*t - 0 - 6. Suppose t*a - 16 = 38. List the prime factors of a.
2, 3
What are the prime factors of 2 - (-4 - 46) - 4?
2, 3
Suppose -5*c - s = -2*s - 14, 5*c + 4*s - 19 = 0. Suppose x + c*j = 24, -j - 3 = -6. List the prime factors of x.
3, 5
Suppose 0 = -4*w + 11 - 3. Suppose 0 = 4*x + 5*t - 72, -x + w*x - 3 = -5*t. What are the prime factors of x?
23
Let r(t) = 3*t + 2. What are the prime factors of r(7)?
23
Let r = 12 + -4. Suppose 2*b = r + 4. What are the prime factors of b?
2, 3
Suppose 4*p + 1 + 9 = -3*f, 0 = -2*p + 5*f - 18. What are the prime factors of ((-13)/p)/(4/16)?
13
Let v(a) = -a**2 + 6*a + 3. Let l be v(6). Let f be -8 - (l + -1) - 2. What are the prime factors of (f/(-5))/(15/50)?
2
Let l(j) = -j + 12. Let b(s) = 1. Let z(y) = 44*b(y) - 4*l(y). Let o be z(-5). What are the prime factors of 30/9*o/(-10)?
2
Let g = -42 + 87. What are the prime factors of g?
3, 5
Suppose s - 3 = 0, 5*k = 5*s - 2*s - 4. Suppose -3*v + 5 = -k. Suppose 14 = 3*q - v*q. List the prime factors of q.
2, 7
Suppose 3*w = 2*w - 4. Let d = w + 8. What are the prime factors of d?
2
Let t(s) = 3*s - 12. Let l be t(5). Suppose 8*p - 3*h - 4 = l*p, -2*h = p - 6. List the prime factors of p.
2
Suppose -3*v + 2*j + 19 = 0, -v + 9*j = 4*j - 28. Suppose v - 11 = -2*r. What are the prime factors of r?
2
Let d(v) = v**3 - 4*v**2 + 7*v - 11. What are the prime factors of d(5)?
7
Suppose 0 = -9*t + 1234 - 415. List the prime factors of t.
7, 13
Let d(o) = -o + 13. Let s(h) = h**3 - 5*h**2 + h + 1. Let l be s(2). Let t be 6/l*66/(-4). List the prime factors of d(t).
2
Let s = -1 + -4. Let a = 9 - s. List the prime factors of a.
2, 7
Suppose 4*q = -242 + 618. What are the prime factors of q?
2, 47
Let h be (-9)/3 - (-2 - 6). Suppose 1 = -r + h. Suppose -5*i = -3*x + 31, -3*x = r*i - 8 - 32. List the prime factors of x.
2, 3
Let h = 6 - 2. Suppose -2*m + 84 = 4*f - 0*f, f - 14 = -h*m. What are the prime factors of f?
2, 11
Let p(y) = -y**3 + 3*y**2 + 2. Let k be p(3). Suppose -4*v - v + 22 = k*z, -v - 2*z + 6 = 0. Suppose n = 3*n - v. List the prime factors of n.
2
Let v(b) = 13*b**2 - 6*b + 9. What are the prime factors of v(-4)?
241
Suppose 5*o + 3*s - 90 = 0, -2*s + 15 = s. Let i = o + 8. What are the prime factors of i?
23
Let b(h) = h**3 + 8*h**2 + 7*h + 3. Let a be b(-7). Let g be 5/((-5)/a) + 6. Suppose -g*o = -4*o + 16. What are the prime factors of o?
2
Suppose -122 = -7*j + 18. What are the prime factors of j?
2, 5
Let u(h) = -75*h**3 - h**2 + 3*h + 3. What are the prime factors of u(-1)?
2, 37
Let c(d) = 3*d - 11 + 11 - 4*d. Let s be c(-3). Let f = s + 0. List the prime factors of f.
3
Let y(r) = -3*r**2 + 2*r + 1. Let c be y(-2). Let q = -12 - c. What are the prime factors of q?
3
Let a be (-5 - -3 - -5) + -3. Let l(s) = s**2 + 1. Let d be l(-1). Suppose a = v - d. List the prime factors of v.
2
Let l = 0 + 16. Let d be (0/(-2))/(-3 + 5). Let o = l + d. List the prime factors of o.
2
Let u(o) = o**2 - o - 14. Let y be u(-10). Suppose -j + 4*j = y. List the prime factors of j.
2
Let y = -24 - -139. List the prime factors of y.
5, 23
Let x = 90 - -13. List the prime factors of x.
103
Let a = -8 + 14. Let n be 4/(-8) - a/(-4). What are the prime factors of n - -10*(-3 + 4)?
11
Let r = -160 - -288. What are the prime factors of -1 + 2 + r/8?
17
What are the prime factors of 1 - 4/2 - -83?
2, 41
List the prime factors of -38*3*3/(-18).
19
Let h(c) be the second derivative of c**5/20 - c**4/2 + c**3 - 7*c**2/2 + 2*c. Let u be h(5). What are the prime factors of (-14)/(u + 0 - 0)?
7
Let o = -6 + 6. Suppose -32 = -5*m + 18. What are the prime factors of (-5)/m*(-6 + o)?
3
Let z(o) = 2*o**3 - 3*o**3 - 1 + 9*o**2 + 5. Suppose 2*p + 3*p - 45 = 0. List the prime factors of z(p).
2
Let g be -2 + 0 + (4 - 1). Suppose 0*n + 26 = 4*n + 2*l, -l + g = 0. Suppose 0 = n*w - w - 80. List the prime factors of w.
2
Suppose z = -2*v + 2, -12 = -4*z + v - 5*v. Suppose c = 4*u + 39, z*u + 51 = 2*c + 5*u. List the prime factors of c.
3
Suppose 5*j + 4 - 9 = 0. Suppose 85 - j = 3*k. What are the prime factors of k?
2, 7
Suppose -6*v = -v + 5*w - 420, 4*w + 231 = 3*v. List the prime factors of v.
3
Let m = -18 + 33. List the prime factors of m.
3, 5
Let p = -2 - -12. What are the prime factors of 93/7 - p/35?
13
Let x(g) = 2*g**3 - 5*g**2 + 8*g - 6. What are the prime factors of x(3)?
3
Suppose -3*t = 2*t - 770. List the prime factors of t.
2, 7, 11
Suppose -3*g + 40 = 4*r - 2*g, -r + 10 = g. What are the prime